{"id":835,"date":"2021-05-11T21:31:21","date_gmt":"2021-05-11T19:31:21","guid":{"rendered":"http:\/\/chili.rbit.se\/?post_type=product&#038;p=835"},"modified":"2021-07-24T16:55:22","modified_gmt":"2021-07-24T14:55:22","slug":"kentucky-17","status":"publish","type":"product","link":"https:\/\/chili.rbit.se\/index.php\/produkt\/kentucky-17\/","title":{"rendered":"Kentucky 17"},"content":{"rendered":"","protected":false},"excerpt":{"rendered":"<p>H\u00f6jd 210 cm<\/p>\n<p>Kentucky 17 \u00e4r en h\u00f6gproducerande Burley. De ljusgr\u00f6na bladen v\u00e4xer och blir ca 91cm l\u00e5nga och i genomsnitt 59cm breda. Denna pyramidformade tobaksv\u00e4xt kan n\u00e5 2,1 meter i h\u00f6jd och mognar f\u00f6r sk\u00f6rd p\u00e5 cirka 70 dagar.<\/p>\n","protected":false},"featured_media":956,"comment_status":"open","ping_status":"closed","template":"","meta":[],"product_cat":[36,38,34],"product_tag":[],"_links":{"self":[{"href":"https:\/\/chili.rbit.se\/index.php\/wp-json\/wp\/v2\/product\/835"}],"collection":[{"href":"https:\/\/chili.rbit.se\/index.php\/wp-json\/wp\/v2\/product"}],"about":[{"href":"https:\/\/chili.rbit.se\/index.php\/wp-json\/wp\/v2\/types\/product"}],"replies":[{"embeddable":true,"href":"https:\/\/chili.rbit.se\/index.php\/wp-json\/wp\/v2\/comments?post=835"}],"wp:featuredmedia":[{"embeddable":true,"href":"https:\/\/chili.rbit.se\/index.php\/wp-json\/wp\/v2\/media\/956"}],"wp:attachment":[{"href":"https:\/\/chili.rbit.se\/index.php\/wp-json\/wp\/v2\/media?parent=835"}],"wp:term":[{"taxonomy":"product_cat","embeddable":true,"href":"https:\/\/chili.rbit.se\/index.php\/wp-json\/wp\/v2\/product_cat?post=835"},{"taxonomy":"product_tag","embeddable":true,"href":"https:\/\/chili.rbit.se\/index.php\/wp-json\/wp\/v2\/product_tag?post=835"}],"curies":[{"name":"wp","href":"https:\/\/api.w.org\/{rel}","templated":true}]}}