{"id":786,"date":"2017-11-04T11:39:22","date_gmt":"2017-11-04T10:39:22","guid":{"rendered":"http:\/\/tergum.se\/chili\/?post_type=product&#038;p=786"},"modified":"2020-10-13T12:18:24","modified_gmt":"2020-10-13T10:18:24","slug":"cabai-burung-ungu","status":"publish","type":"product","link":"https:\/\/chili.rbit.se\/index.php\/produkt\/cabai-burung-ungu\/","title":{"rendered":"Cabai burung ungu"},"content":{"rendered":"<p>Cabai Burung Ungu \u00e4r en s\u00e4llsynt och otroligt vacker chili som kommer fr\u00e5n Malaysia d\u00e4r namnet betyder &#8221;Purple Bird Pepper&#8221;.<br \/>\nEn lilaf\u00e4rgad Capsicum frutescens \u00e4r mycket m\u00e4rkligt och chilin antas vara en korsning mellan frutescens och baccatum.<br \/>\nPlantorna har ett buskigt v\u00e4xts\u00e4tt och blir ofta meterh\u00f6ga med stora sk\u00f6rdar av upp\u00e5tv\u00e4xande 3-5 cm l\u00e5nga f\u00e4rgglada bird peppers.<br \/>\n\u00c4ven blad, stam och grenar har lila inslag vilket g\u00f6r plantan mycket dekorativ.<br \/>\nFruktens f\u00e4rg g\u00e5r fr\u00e5n gr\u00f6n till lila f\u00f6r att avsluta som orange och djupr\u00f6d som fullt mogen.<br \/>\nSmaken har kryddigheten och aromen som \u00e4r typisk f\u00f6r m\u00e5nga asiatiska Bird Peppers och hettan ligger i spannet 30.000-50.000 Scoville.<br \/>\nChilin l\u00e4mpar sig v\u00e4l f\u00f6r torkning eller infrysning och g\u00e5r bra att \u00e4ta i alla f\u00e4rgvarianter.<\/p>\n","protected":false},"excerpt":{"rendered":"<p>Fr\u00f6n fr\u00e5n: Stickans chili 2018<br \/>\n\u00c5r: 2017<br \/>\nAnv\u00e4ndningsomr\u00e5de:<br \/>\nSl\u00e4kte: Capsicum frutescens<br \/>\nScoville: 30.000 &#8211; 50.000<br \/>\nStyrka: medelhet<br \/>\nFrukt: 3-5 cm l\u00e5nga<br \/>\nH\u00f6jd:<br \/>\nKrukstorlek f\u00f6rsta \u00e5ret:<br \/>\nKrukstorlek andra \u00e5ret:<\/p>\n","protected":false},"featured_media":788,"comment_status":"open","ping_status":"closed","template":"","meta":[],"product_cat":[20,27,29,31],"product_tag":[],"_links":{"self":[{"href":"https:\/\/chili.rbit.se\/index.php\/wp-json\/wp\/v2\/product\/786"}],"collection":[{"href":"https:\/\/chili.rbit.se\/index.php\/wp-json\/wp\/v2\/product"}],"about":[{"href":"https:\/\/chili.rbit.se\/index.php\/wp-json\/wp\/v2\/types\/product"}],"replies":[{"embeddable":true,"href":"https:\/\/chili.rbit.se\/index.php\/wp-json\/wp\/v2\/comments?post=786"}],"wp:featuredmedia":[{"embeddable":true,"href":"https:\/\/chili.rbit.se\/index.php\/wp-json\/wp\/v2\/media\/788"}],"wp:attachment":[{"href":"https:\/\/chili.rbit.se\/index.php\/wp-json\/wp\/v2\/media?parent=786"}],"wp:term":[{"taxonomy":"product_cat","embeddable":true,"href":"https:\/\/chili.rbit.se\/index.php\/wp-json\/wp\/v2\/product_cat?post=786"},{"taxonomy":"product_tag","embeddable":true,"href":"https:\/\/chili.rbit.se\/index.php\/wp-json\/wp\/v2\/product_tag?post=786"}],"curies":[{"name":"wp","href":"https:\/\/api.w.org\/{rel}","templated":true}]}}