{"id":733,"date":"2017-10-27T20:15:52","date_gmt":"2017-10-27T18:15:52","guid":{"rendered":"http:\/\/tergum.se\/chili\/?post_type=product&#038;p=733"},"modified":"2017-10-27T20:17:51","modified_gmt":"2017-10-27T18:17:51","slug":"peter-pepper","status":"publish","type":"product","link":"https:\/\/chili.rbit.se\/index.php\/produkt\/peter-pepper\/","title":{"rendered":"Peter pepper"},"content":{"rendered":"<p>Denna heta chili med sitt oanst\u00e4ndiga utseende har l\u00e4nge odlats i Texas och Louisina i USA samt i delar av Mexico.<br \/>\nIdag har v\u00e4xten exporterats till Asien och Sydkorea d\u00e4r chilisorten blivit popul\u00e4r.<\/p>\n<p>Plantorna kan bli 70-100 cm h\u00f6ga och b\u00e4r rikligt med chilis.<br \/>\nChilifrukten blir 7-10 cm l\u00e5ng och h\u00e5ller mellan 10.000-20.000 Scoville i styrka, vilket \u00e4r sn\u00e4ppet starkare \u00e4n Jalapeno.<br \/>\nI USA torkas chilin och anv\u00e4nds som krydda i pulverform.<\/p>\n<p>Denna chili har sin givna plats som en annorlunda krukv\u00e4xt i k\u00f6ksf\u00f6nstret<br \/>\nEn planta av Peter Pepper \u00e4r \u00e4ven perfekt att ge bort som sk\u00e4mtsam present till n\u00e5got intet ont anande offer.<\/p>\n<p>K\u00e4nsliga l\u00e4sare ska sluta l\u00e4sa och titta nu! Det finns en allm\u00e4n uppfattning att \u00e4ta kryddstark mat och chilepeppar i synnerhet v\u00e4rmer upp passionen. Men som n\u00e5gon sa, &#8221;det \u00e4r ett stort kliv fr\u00e5n v\u00e4rmen i munnen till hettan mellan lakanen.&#8221; Denna mycket heta latinska \u00e4lskare gillar att skryta om sin storlek och styrka, och vilken man g\u00f6r inte det? Peter Pepper \u00e4r ocks\u00e5 k\u00e4nd som Chilli Willy och Penis pepper. De unikt formade chilefrukterna har vunnit n\u00e5gra utm\u00e4rkelser, inklusive r\u00e4tten att kallas &#8221;Den mest Pornografiska Chilepepparn&#8221; av Organic Gardening Magazine.<\/p>\n<p>Peter Pepper \u00e4r en ursprunglig sort som f\u00f6rekommer i mognadsf\u00e4rgen r\u00f6tt, orange och gult. Den anses vara mycket s\u00e4llsynt och dess ursprung \u00e4r ok\u00e4nt. Peter Pepper odlas oftast i \u00f6stra Texas och Louisiana samt Mexiko. Sorten \u00e4r anpassningsbar till olika v\u00e4xtf\u00f6rh\u00e5llanden. Frukten \u00e4r som synes lite rynkig och har en kluven rund spets. Den \u00e4r cirka 7 till 10 cm l\u00e5ng och 2,5 till 4 cm bred n\u00e4r den \u00e4r helt mogen. Frukten \u00e4r ocks\u00e5 k\u00e4nd f\u00f6r sin styrka. Peter Pepper anv\u00e4nds s\u00e4llan i matlagning, dock l\u00e4ggs frukterna in i vin\u00e4gerlag eller pickles. I \u00f6vrigt anses Peter Pepper vara en prydnadsv\u00e4xt.<\/p>\n<p>Jean Andrews f\u00f6rklarar i sin bok &#8221;The Pepper Ladys Pocket Pepper Primer&#8221; att ett latent anlag visar sig oftare n\u00e4r v\u00e4xten odlas under ogynnsamma f\u00f6rh\u00e5llanden. M\u00e4nniskan anv\u00e4nder fr\u00f6n av sorter som har n\u00e5got som speciellt tilltalar dem (smak, form, f\u00e4rg, storlek, etc) i syfte att plantera en ny generation av chilepeppar. Genom att upprepa s\u00e5dana val om och om igen har m\u00e4nniskor m\u00f6jlighet att g\u00f6ra \u00f6nskade egenskaper \u00e4nnu mer framst\u00e5ende. Peter Pepper \u00e4r en produkt av s\u00e5dana upprepade val.<\/p>\n","protected":false},"excerpt":{"rendered":"<p>Fr\u00f6n fr\u00e5n: Bj\u00f6rn Persson<br \/>\n\u00c5r: 2017<br \/>\nAnv\u00e4ndningsomr\u00e5de:<br \/>\nSl\u00e4kte:  Capsicum annuum<br \/>\nScoville: 10.000 &#8211; 23.000<br \/>\nStyrka: medelhet<br \/>\nFrukt: 7-10 cm<br \/>\nH\u00f6jd: 70-100 cm<br \/>\nKrukstorlek f\u00f6rsta \u00e5ret:<br \/>\nKrukstorlek andra \u00e5ret:<\/p>\n","protected":false},"featured_media":735,"comment_status":"open","ping_status":"closed","template":"","meta":[],"product_cat":[20,21,29,31],"product_tag":[],"_links":{"self":[{"href":"https:\/\/chili.rbit.se\/index.php\/wp-json\/wp\/v2\/product\/733"}],"collection":[{"href":"https:\/\/chili.rbit.se\/index.php\/wp-json\/wp\/v2\/product"}],"about":[{"href":"https:\/\/chili.rbit.se\/index.php\/wp-json\/wp\/v2\/types\/product"}],"replies":[{"embeddable":true,"href":"https:\/\/chili.rbit.se\/index.php\/wp-json\/wp\/v2\/comments?post=733"}],"wp:featuredmedia":[{"embeddable":true,"href":"https:\/\/chili.rbit.se\/index.php\/wp-json\/wp\/v2\/media\/735"}],"wp:attachment":[{"href":"https:\/\/chili.rbit.se\/index.php\/wp-json\/wp\/v2\/media?parent=733"}],"wp:term":[{"taxonomy":"product_cat","embeddable":true,"href":"https:\/\/chili.rbit.se\/index.php\/wp-json\/wp\/v2\/product_cat?post=733"},{"taxonomy":"product_tag","embeddable":true,"href":"https:\/\/chili.rbit.se\/index.php\/wp-json\/wp\/v2\/product_tag?post=733"}],"curies":[{"name":"wp","href":"https:\/\/api.w.org\/{rel}","templated":true}]}}