{"id":475,"date":"2017-09-06T18:11:47","date_gmt":"2017-09-06T16:11:47","guid":{"rendered":"http:\/\/tergum.se\/chili\/?post_type=product&#038;p=475"},"modified":"2017-09-07T22:33:14","modified_gmt":"2017-09-07T20:33:14","slug":"475","status":"publish","type":"product","link":"https:\/\/chili.rbit.se\/index.php\/produkt\/475\/","title":{"rendered":"Ugnsgratinerad jamaican bell"},"content":{"rendered":"<p>S\u00e4tt ugnen p\u00e5 225 grader.<br \/>\nTa bort skaft och k\u00e4rnor fr\u00e5n en Jamaican bell (Alternativ: Hungarian hot wax, Ajo blanco christal eller Hot banana &#8211; dela frukten, ta bort skaftet, rensa bort fr\u00f6n och mellanv\u00e4ggar).<br \/>\nBryn l\u00f6ken i oljan. Blanda med ost, kryddor och de hackade r\u00e4korna och arbeta ihop massan. F\u00f6rdela den i chilifrukterna.<br \/>\nGratinera i ugnen i cirka 15 minuter.<\/p>\n","protected":false},"excerpt":{"rendered":"<p> 4 portioner<br \/>\nFyllning<br \/>\n4 Jamaican bell<br \/>\n1 hackad schalottenl\u00f6k<br \/>\n2 msk matolja<br \/>\n1 dl smulad fetaost<br \/>\n1 dl riven cheddar eller annan ost<br \/>\n1 vitl\u00f6ksklyfta<br \/>\n1 knippe koriander<br \/>\n200 g hackade r\u00e4kor el kr\u00e4ftstj\u00e4rtar<\/p>\n","protected":false},"featured_media":476,"comment_status":"open","ping_status":"closed","template":"","meta":[],"product_cat":[19,28],"product_tag":[],"_links":{"self":[{"href":"https:\/\/chili.rbit.se\/index.php\/wp-json\/wp\/v2\/product\/475"}],"collection":[{"href":"https:\/\/chili.rbit.se\/index.php\/wp-json\/wp\/v2\/product"}],"about":[{"href":"https:\/\/chili.rbit.se\/index.php\/wp-json\/wp\/v2\/types\/product"}],"replies":[{"embeddable":true,"href":"https:\/\/chili.rbit.se\/index.php\/wp-json\/wp\/v2\/comments?post=475"}],"wp:featuredmedia":[{"embeddable":true,"href":"https:\/\/chili.rbit.se\/index.php\/wp-json\/wp\/v2\/media\/476"}],"wp:attachment":[{"href":"https:\/\/chili.rbit.se\/index.php\/wp-json\/wp\/v2\/media?parent=475"}],"wp:term":[{"taxonomy":"product_cat","embeddable":true,"href":"https:\/\/chili.rbit.se\/index.php\/wp-json\/wp\/v2\/product_cat?post=475"},{"taxonomy":"product_tag","embeddable":true,"href":"https:\/\/chili.rbit.se\/index.php\/wp-json\/wp\/v2\/product_tag?post=475"}],"curies":[{"name":"wp","href":"https:\/\/api.w.org\/{rel}","templated":true}]}}