{"id":351,"date":"2017-08-23T20:41:40","date_gmt":"2017-08-23T18:41:40","guid":{"rendered":"http:\/\/tergum.se\/chili\/?post_type=product&#038;p=351"},"modified":"2024-05-13T20:05:53","modified_gmt":"2024-05-13T18:05:53","slug":"habanero-lemon","status":"publish","type":"product","link":"https:\/\/chili.rbit.se\/index.php\/produkt\/habanero-lemon\/","title":{"rendered":"Habanero Lemon"},"content":{"rendered":"<p>\n\u00c4ven k\u00e4nd som Habanero Hot Lemon och med ursprung i Karibien. Frukterna, 5 cm l\u00e5nga och 2.5 cm breda, har en frisk ton av citrus \u00e4r samtidigt fruktigare \u00e4n vanlig Habanero. Tycker du att Habanero tar l\u00e5ng tid p\u00e5 sej att mogna, skall du testa den h\u00e4r. Det \u00e4r en av de C. chinense-sorter som mognar tidigast (90-100 dagar).<\/p>\n<p>Plantan blir upp mot 90 cm h\u00f6g och b\u00e4r rikligt med gula kryddstarka frukter. Habanero Lemon trivs i soligt f\u00f6nster, uterum och v\u00e4xthus samt utomhus i soligt och skyddat l\u00e4ge under sommaren. Vid odling under vinterhalv\u00e5ret kr\u00e4vs i regel n\u00e5gon form av v\u00e4xtbelysning.<br \/>\nHj\u00e4lp blommorna med pollinering genom att skaka plantan eller med en liten pensel. Besk\u00e4r eventuellt p\u00e5 h\u00f6sten. \u00d6vervintras inomhus i ljust l\u00e4ge.<\/p>\n<p>Habanero Lemon \u00e4r en het chilepeppar men scovillegraderna \u00e4r inte bekr\u00e4ftade. Den \u00e4r inte den starkaste men en av de godaste.<\/p>\n","protected":false},"excerpt":{"rendered":"<p>Fr\u00f6n fr\u00e5n: Carina H\u00e5kansson<br \/>\n\u00c5r: 2017<br \/>\nAnv\u00e4ndningsomr\u00e5de:<br \/>\nSl\u00e4kte: Capsicum chinense<br \/>\nScoville:<br \/>\nStyrka: 200.000 &#8211; 300.000<br \/>\nH\u00f6jd: 90 cm<br \/>\nKrukstorlek f\u00f6rsta \u00e5ret:<br \/>\nKrukstorlek andra \u00e5ret:<\/p>\n","protected":false},"featured_media":352,"comment_status":"open","ping_status":"closed","template":"","meta":[],"product_cat":[20,24,29,32],"product_tag":[],"_links":{"self":[{"href":"https:\/\/chili.rbit.se\/index.php\/wp-json\/wp\/v2\/product\/351"}],"collection":[{"href":"https:\/\/chili.rbit.se\/index.php\/wp-json\/wp\/v2\/product"}],"about":[{"href":"https:\/\/chili.rbit.se\/index.php\/wp-json\/wp\/v2\/types\/product"}],"replies":[{"embeddable":true,"href":"https:\/\/chili.rbit.se\/index.php\/wp-json\/wp\/v2\/comments?post=351"}],"wp:featuredmedia":[{"embeddable":true,"href":"https:\/\/chili.rbit.se\/index.php\/wp-json\/wp\/v2\/media\/352"}],"wp:attachment":[{"href":"https:\/\/chili.rbit.se\/index.php\/wp-json\/wp\/v2\/media?parent=351"}],"wp:term":[{"taxonomy":"product_cat","embeddable":true,"href":"https:\/\/chili.rbit.se\/index.php\/wp-json\/wp\/v2\/product_cat?post=351"},{"taxonomy":"product_tag","embeddable":true,"href":"https:\/\/chili.rbit.se\/index.php\/wp-json\/wp\/v2\/product_tag?post=351"}],"curies":[{"name":"wp","href":"https:\/\/api.w.org\/{rel}","templated":true}]}}