{"id":346,"date":"2017-08-23T20:29:04","date_gmt":"2017-08-23T18:29:04","guid":{"rendered":"http:\/\/tergum.se\/chili\/?post_type=product&#038;p=346"},"modified":"2017-10-06T17:33:37","modified_gmt":"2017-10-06T15:33:37","slug":"rocoto-gul-mini","status":"publish","type":"product","link":"https:\/\/chili.rbit.se\/index.php\/produkt\/rocoto-gul-mini\/","title":{"rendered":"Rocoto gul mini"},"content":{"rendered":"<p>Mini Rocoto \u00e4r en trevlig rocotosort, som ger lite mindre gula frukter. Rocoto v\u00e4xer vanligtvis i Anderna i Sydamerika och \u00e4r s\u00e5ledes lite mer t\u00e5lig mot kyla \u00e4n \u00f6vriga sorter. rocoto har till skillnad fr\u00e5n vanliga chilifrukter svart fr\u00f6. Plantorna \u00e4r l\u00e4tt \u201ch\u00e5riga\u201d och lite ludna. Man b\u00f6r s\u00e5 dessa tidigt d\u00e5 dom tar l\u00e5ng tid p\u00e5 sig att mogna.<\/p>\n","protected":false},"excerpt":{"rendered":"<p>Fr\u00f6n fr\u00e5n: Anette Nilsson<br \/>\n\u00c5r: 2017<br \/>\nAnv\u00e4ndningsomr\u00e5de:<br \/>\nSl\u00e4kte: Capsicum pubescens<br \/>\nScoville:<br \/>\nStyrka: Mycket het<br \/>\nH\u00f6jd:<br \/>\nKrukstorlek f\u00f6rsta \u00e5ret:<br \/>\nKrukstorlek andra \u00e5ret:<\/p>\n","protected":false},"featured_media":347,"comment_status":"open","ping_status":"closed","template":"","meta":[],"product_cat":[20,22,29,32],"product_tag":[],"_links":{"self":[{"href":"https:\/\/chili.rbit.se\/index.php\/wp-json\/wp\/v2\/product\/346"}],"collection":[{"href":"https:\/\/chili.rbit.se\/index.php\/wp-json\/wp\/v2\/product"}],"about":[{"href":"https:\/\/chili.rbit.se\/index.php\/wp-json\/wp\/v2\/types\/product"}],"replies":[{"embeddable":true,"href":"https:\/\/chili.rbit.se\/index.php\/wp-json\/wp\/v2\/comments?post=346"}],"wp:featuredmedia":[{"embeddable":true,"href":"https:\/\/chili.rbit.se\/index.php\/wp-json\/wp\/v2\/media\/347"}],"wp:attachment":[{"href":"https:\/\/chili.rbit.se\/index.php\/wp-json\/wp\/v2\/media?parent=346"}],"wp:term":[{"taxonomy":"product_cat","embeddable":true,"href":"https:\/\/chili.rbit.se\/index.php\/wp-json\/wp\/v2\/product_cat?post=346"},{"taxonomy":"product_tag","embeddable":true,"href":"https:\/\/chili.rbit.se\/index.php\/wp-json\/wp\/v2\/product_tag?post=346"}],"curies":[{"name":"wp","href":"https:\/\/api.w.org\/{rel}","templated":true}]}}