{"id":240,"date":"2017-08-16T11:46:38","date_gmt":"2017-08-16T09:46:38","guid":{"rendered":"http:\/\/tergum.se\/chili\/?post_type=product&#038;p=240"},"modified":"2017-10-06T17:26:33","modified_gmt":"2017-10-06T15:26:33","slug":"jamaican-red","status":"publish","type":"product","link":"https:\/\/chili.rbit.se\/index.php\/produkt\/jamaican-red\/","title":{"rendered":"Jamaican red"},"content":{"rendered":"<p>Jamaican Red \u00e4r en karibisk chili. Det finns likheter med Scotch Bonnet och habanero men har inte lika h\u00f6g hetta. Chilin g\u00e5r upp mot 150.000 Scoville i styrka och har en fruktigt r\u00f6kig smak med fruktiga inslag. N\u00e4r du sk\u00e4r upp denna chili sprider sig en harmonisk fruktig doft. Mycket god att torka och g\u00f6ra pulver p\u00e5.<\/p>\n","protected":false},"excerpt":{"rendered":"<p>Fr\u00f6n fr\u00e5n: Chris MC G<br \/>\n\u00c5r: 2017<br \/>\nAnv\u00e4ndningsomr\u00e5de: pulver<br \/>\nSl\u00e4kte: Capsicum annuum<br \/>\nScoville: 150.000<br \/>\nStyrka: mycket het<br \/>\nH\u00f6jd:<br \/>\nKrukstorlek f\u00f6rsta \u00e5ret:<br \/>\nKrukstorlek andra \u00e5ret:<\/p>\n","protected":false},"featured_media":241,"comment_status":"open","ping_status":"closed","template":"","meta":[],"product_cat":[20,21,29,32],"product_tag":[],"_links":{"self":[{"href":"https:\/\/chili.rbit.se\/index.php\/wp-json\/wp\/v2\/product\/240"}],"collection":[{"href":"https:\/\/chili.rbit.se\/index.php\/wp-json\/wp\/v2\/product"}],"about":[{"href":"https:\/\/chili.rbit.se\/index.php\/wp-json\/wp\/v2\/types\/product"}],"replies":[{"embeddable":true,"href":"https:\/\/chili.rbit.se\/index.php\/wp-json\/wp\/v2\/comments?post=240"}],"wp:featuredmedia":[{"embeddable":true,"href":"https:\/\/chili.rbit.se\/index.php\/wp-json\/wp\/v2\/media\/241"}],"wp:attachment":[{"href":"https:\/\/chili.rbit.se\/index.php\/wp-json\/wp\/v2\/media?parent=240"}],"wp:term":[{"taxonomy":"product_cat","embeddable":true,"href":"https:\/\/chili.rbit.se\/index.php\/wp-json\/wp\/v2\/product_cat?post=240"},{"taxonomy":"product_tag","embeddable":true,"href":"https:\/\/chili.rbit.se\/index.php\/wp-json\/wp\/v2\/product_tag?post=240"}],"curies":[{"name":"wp","href":"https:\/\/api.w.org\/{rel}","templated":true}]}}