{"id":238,"date":"2017-08-16T11:42:32","date_gmt":"2017-08-16T09:42:32","guid":{"rendered":"http:\/\/tergum.se\/chili\/?post_type=product&#038;p=238"},"modified":"2017-10-06T17:27:04","modified_gmt":"2017-10-06T15:27:04","slug":"jamy","status":"publish","type":"product","link":"https:\/\/chili.rbit.se\/index.php\/produkt\/jamy\/","title":{"rendered":"Jamy"},"content":{"rendered":"<p>En aromatisk och medelstark chili som ursprungligen kommer fr\u00e5n Jamaica.<br \/>\nPlantorna blir omkring 70 cm h\u00f6ga och de 5-6 cm l\u00e5nga frukterna har en form som p\u00e5minner om jalapeno.<br \/>\nChilins f\u00e4rg \u00e4r blankt orange som mogen och smaken \u00e4r s\u00f6t och friskt fruktig med inslag av \u00e4pple och med en medelhet styrka.<br \/>\nJamy \u00e4r god b\u00e5de som naturell och tillagad och passar bl.a bra att g\u00f6ra salsa av.<\/p>\n","protected":false},"excerpt":{"rendered":"<p>Fr\u00f6n fr\u00e5n: Chris Mc G<br \/>\n\u00c5r: 2017<br \/>\nAnv\u00e4ndningsomr\u00e5de: salsa<br \/>\nSl\u00e4kte: Capsicum baccatum<br \/>\nScoville: 5.000 &#8211; 15.000<br \/>\nStyrka: medelhet<br \/>\nH\u00f6jd: 70 cm<br \/>\nKrukstorlek f\u00f6rsta \u00e5ret:<br \/>\nKrukstorlek andra \u00e5ret:<\/p>\n","protected":false},"featured_media":239,"comment_status":"open","ping_status":"closed","template":"","meta":[],"product_cat":[20,23,29,31],"product_tag":[],"_links":{"self":[{"href":"https:\/\/chili.rbit.se\/index.php\/wp-json\/wp\/v2\/product\/238"}],"collection":[{"href":"https:\/\/chili.rbit.se\/index.php\/wp-json\/wp\/v2\/product"}],"about":[{"href":"https:\/\/chili.rbit.se\/index.php\/wp-json\/wp\/v2\/types\/product"}],"replies":[{"embeddable":true,"href":"https:\/\/chili.rbit.se\/index.php\/wp-json\/wp\/v2\/comments?post=238"}],"wp:featuredmedia":[{"embeddable":true,"href":"https:\/\/chili.rbit.se\/index.php\/wp-json\/wp\/v2\/media\/239"}],"wp:attachment":[{"href":"https:\/\/chili.rbit.se\/index.php\/wp-json\/wp\/v2\/media?parent=238"}],"wp:term":[{"taxonomy":"product_cat","embeddable":true,"href":"https:\/\/chili.rbit.se\/index.php\/wp-json\/wp\/v2\/product_cat?post=238"},{"taxonomy":"product_tag","embeddable":true,"href":"https:\/\/chili.rbit.se\/index.php\/wp-json\/wp\/v2\/product_tag?post=238"}],"curies":[{"name":"wp","href":"https:\/\/api.w.org\/{rel}","templated":true}]}}