{"id":200,"date":"2017-08-13T10:53:42","date_gmt":"2017-08-13T08:53:42","guid":{"rendered":"http:\/\/tergum.se\/chili\/?post_type=product&#038;p=200"},"modified":"2017-10-04T00:01:23","modified_gmt":"2017-10-03T22:01:23","slug":"chupetinho","status":"publish","type":"product","link":"https:\/\/chili.rbit.se\/index.php\/produkt\/chupetinho\/","title":{"rendered":"Chupetinho"},"content":{"rendered":"<p>En vacker och ovanligt formad chinensechili fr\u00e5n Brasilien som ovanligt nog bara har en mild hetta.<br \/>\nDe sm\u00e5 droppformade frukterna \u00e4r ca 2,5 cm l\u00e5nga och g\u00e5r fr\u00e5n ljusgr\u00f6nt till orange f\u00f6r att slutligen bli djupr\u00f6da som mogna.<br \/>\nDen vackra plantan v\u00e4xer som ett litet tr\u00e4d med ca 90 cm h\u00f6jd och stora m\u00e4ngder f\u00e4rglada, heta chilis.<br \/>\nChupetinhon kan b\u00e4ra \u00e4nda upp mot 5 frukter vid varje nod.<br \/>\nSmaken \u00e4r s\u00f6t och fruktigt aromatisk med en l\u00e5g hetta.<\/p>\n<p>Bl\u00f6tl\u00e4gg fr\u00f6n i ljummet vatten n\u00e5got dygn innan s\u00e5dd och s\u00e5 p\u00e5 5 mm djup i s\u00e5jord.<br \/>\n(F\u00f6r b\u00e4sta m\u00f6jliga groddresultat rekommenderas bl\u00f6tl\u00e4ggning i en l\u00f6sning av kaliumnitrat)<br \/>\nH\u00e5ll jorden fuktig men inte bl\u00f6t.<br \/>\nChilifr\u00f6 gror b\u00e4st vid 25-30\u00b0C och beh\u00f6ver i regel 10-30 dagar till grodd.<br \/>\nPlantera om efterhand som plantan v\u00e4xer och r\u00f6tterna utvecklas.<\/p>\n<p>Trivs i soligt f\u00f6nster, uterum, v\u00e4xthus, utomhus i soligt och skyddat l\u00e4ge under sommaren.<br \/>\nVid odling under vinterhalv\u00e5ret kr\u00e4vs i regel n\u00e5gon form av v\u00e4xtbelysning.<br \/>\nHj\u00e4lp blommorna med pollinering genom att skaka plantan eller med en liten pensel.<br \/>\nFler\u00e5ring &#8211; Besk\u00e4res p\u00e5 h\u00f6sten &#8211; \u00d6vervintras inomhus i ljust l\u00e4ge<\/p>\n","protected":false},"excerpt":{"rendered":"<p>Fr\u00f6n fr\u00e5n: Mattias M<br \/>\n\u00c5r: 2017<br \/>\nAnv\u00e4ndningsomr\u00e5de:<br \/>\nSl\u00e4kte: Capsicum chinense<br \/>\nScoville: 27.000<br \/>\nStyrka: medelhet<br \/>\nH\u00f6jd: 90<br \/>\nKrukstorlek f\u00f6rsta \u00e5ret:<br \/>\nKrukstorlek andra \u00e5ret:<\/p>\n","protected":false},"featured_media":201,"comment_status":"open","ping_status":"closed","template":"","meta":[],"product_cat":[20,24,29,31],"product_tag":[],"_links":{"self":[{"href":"https:\/\/chili.rbit.se\/index.php\/wp-json\/wp\/v2\/product\/200"}],"collection":[{"href":"https:\/\/chili.rbit.se\/index.php\/wp-json\/wp\/v2\/product"}],"about":[{"href":"https:\/\/chili.rbit.se\/index.php\/wp-json\/wp\/v2\/types\/product"}],"replies":[{"embeddable":true,"href":"https:\/\/chili.rbit.se\/index.php\/wp-json\/wp\/v2\/comments?post=200"}],"wp:featuredmedia":[{"embeddable":true,"href":"https:\/\/chili.rbit.se\/index.php\/wp-json\/wp\/v2\/media\/201"}],"wp:attachment":[{"href":"https:\/\/chili.rbit.se\/index.php\/wp-json\/wp\/v2\/media?parent=200"}],"wp:term":[{"taxonomy":"product_cat","embeddable":true,"href":"https:\/\/chili.rbit.se\/index.php\/wp-json\/wp\/v2\/product_cat?post=200"},{"taxonomy":"product_tag","embeddable":true,"href":"https:\/\/chili.rbit.se\/index.php\/wp-json\/wp\/v2\/product_tag?post=200"}],"curies":[{"name":"wp","href":"https:\/\/api.w.org\/{rel}","templated":true}]}}