{"id":177,"date":"2017-08-10T21:33:47","date_gmt":"2017-08-10T19:33:47","guid":{"rendered":"http:\/\/tergum.se\/chili\/?post_type=product&#038;p=177"},"modified":"2017-10-10T12:06:05","modified_gmt":"2017-10-10T10:06:05","slug":"jalapeno","status":"publish","type":"product","link":"https:\/\/chili.rbit.se\/index.php\/produkt\/jalapeno\/","title":{"rendered":"Jalape\u00f1o"},"content":{"rendered":"<p>Delikat och het mexikansk chile. Plantan \u00e4r mellan 50-80 cm h\u00f6g och b\u00e4r m\u00f6rkgr\u00f6na, svagt koniska, trubbiga frukter, som \u00e4r 6-8 cm l\u00e5nga och 2-3 cm i diameter. De \u00e4r tjockv\u00e4ggiga och blir r\u00f6da som mogna. Jalapeno \u00e4r mycket vanlig i mexikansk matlagning.<br \/>\nJalape\u00f1o \u00e4r ljusgr\u00f6n, m\u00f6rkgr\u00f6n eller r\u00f6d, 5-7 cm l\u00e5ng och 2-3 cm bred. Smaken \u00e4r frisk, k\u00e4rv och fyllig. Fruktk\u00f6ttet \u00e4r saftigt. N\u00e4r den mognar blir den r\u00f6d och smaken s\u00f6tare. Mycket popul\u00e4r och passar i de flesta matr\u00e4tter. I Amerika anv\u00e4nds den t.o.m i godis, glass och senap.<\/p>\n","protected":false},"excerpt":{"rendered":"<p>Fr\u00f6n fr\u00e5n: k\u00f6pt frukt fr\u00e5n T\u00e5starp tomaten<br \/>\n\u00c5r: 2017<br \/>\nAnv\u00e4ndningsomr\u00e5de: konservera som omogen gr\u00f6n, salsas\u00e5ser eller mogen r\u00f6d som chilipulver<br \/>\nPlants per person: 1 to 2 for fresh use; 3 to 4 for drying, freezing, or making jelly.<br \/>\nSl\u00e4kte: Capsicum annuum<br \/>\nScoville: 5.000 &#8211; 10.000<br \/>\nStyrka: Mild<br \/>\nFrukt: 5-10 cm l\u00e5nga<br \/>\nH\u00f6jd: 50-80 cm<br \/>\nKrukstorlek f\u00f6rsta \u00e5ret: 18-inch container<br \/>\nKrukstorlek andra \u00e5ret:<\/p>\n","protected":false},"featured_media":178,"comment_status":"open","ping_status":"closed","template":"","meta":[],"product_cat":[20,21,29,30],"product_tag":[26,17],"_links":{"self":[{"href":"https:\/\/chili.rbit.se\/index.php\/wp-json\/wp\/v2\/product\/177"}],"collection":[{"href":"https:\/\/chili.rbit.se\/index.php\/wp-json\/wp\/v2\/product"}],"about":[{"href":"https:\/\/chili.rbit.se\/index.php\/wp-json\/wp\/v2\/types\/product"}],"replies":[{"embeddable":true,"href":"https:\/\/chili.rbit.se\/index.php\/wp-json\/wp\/v2\/comments?post=177"}],"wp:featuredmedia":[{"embeddable":true,"href":"https:\/\/chili.rbit.se\/index.php\/wp-json\/wp\/v2\/media\/178"}],"wp:attachment":[{"href":"https:\/\/chili.rbit.se\/index.php\/wp-json\/wp\/v2\/media?parent=177"}],"wp:term":[{"taxonomy":"product_cat","embeddable":true,"href":"https:\/\/chili.rbit.se\/index.php\/wp-json\/wp\/v2\/product_cat?post=177"},{"taxonomy":"product_tag","embeddable":true,"href":"https:\/\/chili.rbit.se\/index.php\/wp-json\/wp\/v2\/product_tag?post=177"}],"curies":[{"name":"wp","href":"https:\/\/api.w.org\/{rel}","templated":true}]}}